[INFO] fetching crate fumarole 0.1.23...
[INFO] checking fumarole-0.1.23 against master#af3c6e733a40e671550e0f0f5aeecaa13772ba56 for pr-74989
[INFO] extracting crate fumarole 0.1.23 into /workspace/builds/worker-8/source
[INFO] validating manifest of crates.io crate fumarole 0.1.23 on toolchain af3c6e733a40e671550e0f0f5aeecaa13772ba56
[INFO] running `Command { std: "/workspace/cargo-home/bin/cargo" "+af3c6e733a40e671550e0f0f5aeecaa13772ba56" "read-manifest" "--manifest-path" "Cargo.toml", kill_on_drop: false }`
[INFO] started tweaking crates.io crate fumarole 0.1.23
[INFO] finished tweaking crates.io crate fumarole 0.1.23
[INFO] tweaked toml for crates.io crate fumarole 0.1.23 written to /workspace/builds/worker-8/source/Cargo.toml
[INFO] crate crates.io crate fumarole 0.1.23 already has a lockfile, it will not be regenerated
[INFO] running `Command { std: "/workspace/cargo-home/bin/cargo" "+af3c6e733a40e671550e0f0f5aeecaa13772ba56" "fetch" "--locked" "--manifest-path" "Cargo.toml", kill_on_drop: false }`
[INFO] running `Command { std: "docker" "create" "-v" "/var/lib/crater-agent-workspace/builds/worker-8/target:/opt/rustwide/target:rw,Z" "-v" "/var/lib/crater-agent-workspace/builds/worker-8/source:/opt/rustwide/workdir:ro,Z" "-v" "/var/lib/crater-agent-workspace/cargo-home:/opt/rustwide/cargo-home:ro,Z" "-v" "/var/lib/crater-agent-workspace/rustup-home:/opt/rustwide/rustup-home:ro,Z" "-e" "SOURCE_DIR=/opt/rustwide/workdir" "-e" "CARGO_TARGET_DIR=/opt/rustwide/target" "-e" "CARGO_HOME=/opt/rustwide/cargo-home" "-e" "RUSTUP_HOME=/opt/rustwide/rustup-home" "-w" "/opt/rustwide/workdir" "-m" "1610612736" "--user" "0:0" "--network" "none" "rustops/crates-build-env@sha256:d92eaeed33fa75130ca1ee6c8a01d1ffb62bac859dfdfb3450e3e5d1c0146529" "/opt/rustwide/cargo-home/bin/cargo" "+af3c6e733a40e671550e0f0f5aeecaa13772ba56" "metadata" "--no-deps" "--format-version=1", kill_on_drop: false }`
[INFO] [stdout] 07163f4f79c0d118ee079c2f4775952f7c2e06cb7d42a4702fbec4825593cd59
[INFO] [stderr] WARNING: Your kernel does not support swap limit capabilities or the cgroup is not mounted. Memory limited without swap.
[INFO] running `Command { std: "docker" "start" "-a" "07163f4f79c0d118ee079c2f4775952f7c2e06cb7d42a4702fbec4825593cd59", kill_on_drop: false }`
[INFO] running `Command { std: "docker" "inspect" "07163f4f79c0d118ee079c2f4775952f7c2e06cb7d42a4702fbec4825593cd59", kill_on_drop: false }`
[INFO] running `Command { std: "docker" "rm" "-f" "07163f4f79c0d118ee079c2f4775952f7c2e06cb7d42a4702fbec4825593cd59", kill_on_drop: false }`
[INFO] [stdout] 07163f4f79c0d118ee079c2f4775952f7c2e06cb7d42a4702fbec4825593cd59
[INFO] running `Command { std: "docker" "create" "-v" "/var/lib/crater-agent-workspace/builds/worker-8/target:/opt/rustwide/target:rw,Z" "-v" "/var/lib/crater-agent-workspace/builds/worker-8/source:/opt/rustwide/workdir:ro,Z" "-v" "/var/lib/crater-agent-workspace/cargo-home:/opt/rustwide/cargo-home:ro,Z" "-v" "/var/lib/crater-agent-workspace/rustup-home:/opt/rustwide/rustup-home:ro,Z" "-e" "SOURCE_DIR=/opt/rustwide/workdir" "-e" "CARGO_TARGET_DIR=/opt/rustwide/target" "-e" "CARGO_INCREMENTAL=0" "-e" "RUST_BACKTRACE=full" "-e" "RUSTFLAGS=--cap-lints=forbid" "-e" "CARGO_HOME=/opt/rustwide/cargo-home" "-e" "RUSTUP_HOME=/opt/rustwide/rustup-home" "-w" "/opt/rustwide/workdir" "-m" "1610612736" "--user" "0:0" "--network" "none" "rustops/crates-build-env@sha256:d92eaeed33fa75130ca1ee6c8a01d1ffb62bac859dfdfb3450e3e5d1c0146529" "/opt/rustwide/cargo-home/bin/cargo" "+af3c6e733a40e671550e0f0f5aeecaa13772ba56" "check" "--frozen" "--all" "--all-targets" "--message-format=json", kill_on_drop: false }`
[INFO] [stdout] 7dc56b117eb8c11cfd0c58ce59f8aff6df62886dbcc6dae5225706ff6cd98ded
[INFO] [stderr] WARNING: Your kernel does not support swap limit capabilities or the cgroup is not mounted. Memory limited without swap.
[INFO] running `Command { std: "docker" "start" "-a" "7dc56b117eb8c11cfd0c58ce59f8aff6df62886dbcc6dae5225706ff6cd98ded", kill_on_drop: false }`
[INFO] [stderr]     Checking cfg-if v0.1.10
[INFO] [stderr]     Checking lazy_static v1.4.0
[INFO] [stderr]    Compiling semver-parser v0.7.0
[INFO] [stderr]    Compiling proc-macro2 v0.4.30
[INFO] [stderr]    Compiling bitflags v1.2.1
[INFO] [stderr]    Compiling autocfg v0.1.7
[INFO] [stderr]    Compiling nix v0.14.1
[INFO] [stderr]    Compiling syn v0.15.44
[INFO] [stderr]     Checking xdg v2.2.0
[INFO] [stderr]    Compiling num-derive v0.2.5
[INFO] [stderr]    Compiling crc32fast v1.2.0
[INFO] [stderr]     Checking percent-encoding v2.1.0
[INFO] [stderr]     Checking lzw v0.10.0
[INFO] [stderr]     Checking either v1.5.3
[INFO] [stderr]     Checking color_quant v1.0.1
[INFO] [stderr]     Checking scoped_threadpool v0.1.9
[INFO] [stderr]     Checking linked-hash-map v0.5.2
[INFO] [stderr]    Compiling log v0.4.8
[INFO] [stderr]    Compiling num-integer v0.1.42
[INFO] [stderr]    Compiling num-rational v0.2.3
[INFO] [stderr]    Compiling num-iter v0.1.40
[INFO] [stderr]    Compiling backtrace-sys v0.1.32
[INFO] [stderr]     Checking unreachable v1.0.0
[INFO] [stderr]     Checking lock_api v0.3.3
[INFO] [stderr]    Compiling maybe-uninit v2.0.0
[INFO] [stderr]    Compiling x11-dl v2.18.5
[INFO] [stderr]     Checking inflate v0.4.5
[INFO] [stderr]    Compiling num-traits v0.2.11
[INFO] [stderr]     Checking gif v0.10.3
[INFO] [stderr]    Compiling proc-macro2 v1.0.9
[INFO] [stderr]     Checking arrayvec v0.4.12
[INFO] [stderr]    Compiling semver v0.9.0
[INFO] [stderr]     Checking net2 v0.2.33
[INFO] [stderr]     Checking memmap v0.7.0
[INFO] [stderr]     Checking raw-window-handle v0.3.3
[INFO] [stderr]     Checking shared_library v0.1.9
[INFO] [stderr]     Checking stb_truetype v0.3.1
[INFO] [stderr]     Checking deflate v0.7.20
[INFO] [stderr]    Compiling gl_generator v0.13.1
[INFO] [stderr]    Compiling gl_generator v0.14.0
[INFO] [stderr]     Checking smallvec v0.6.13
[INFO] [stderr]     Checking osmesa-sys v0.1.2
[INFO] [stderr]     Checking wayland-sys v0.23.6
[INFO] [stderr]     Checking mio v0.6.21
[INFO] [stderr]    Compiling rustc_version v0.2.3
[INFO] [stderr]    Compiling crossbeam-utils v0.7.0
[INFO] [stderr]    Compiling crossbeam-epoch v0.8.0
[INFO] [stderr]     Checking png v0.15.3
[INFO] [stderr]    Compiling quote v1.0.2
[INFO] [stderr]     Checking stb_truetype v0.2.8
[INFO] [stderr]    Compiling syn v1.0.16
[INFO] [stderr]    Compiling quote v0.6.13
[INFO] [stderr]    Compiling memoffset v0.5.3
[INFO] [stderr]    Compiling parking_lot_core v0.6.2
[INFO] [stderr]    Compiling parking_lot v0.9.0
[INFO] [stderr]     Checking backtrace v0.3.43
[INFO] [stderr]    Compiling wayland-scanner v0.23.6
[INFO] [stderr]     Checking mio-extras v2.0.6
[INFO] [stderr]     Checking crossbeam-queue v0.2.1
[INFO] [stderr]     Checking approx v0.3.2
[INFO] [stderr]     Checking ordered-float v1.0.2
[INFO] [stderr]     Checking line_drawing v0.7.0
[INFO] [stderr]     Checking num-traits v0.1.43
[INFO] [stderr]     Checking ordered-float v0.5.2
[INFO] [stderr]     Checking rusttype v0.8.2
[INFO] [stderr]     Checking rusttype v0.3.0
[INFO] [stderr]    Compiling glutin_glx_sys v0.1.6
[INFO] [stderr]    Compiling glutin_egl_sys v0.1.4
[INFO] [stderr]    Compiling glium v0.26.0-alpha6
[INFO] [stderr]     Checking crossbeam-deque v0.7.2
[INFO] [stderr]     Checking rusttype v0.7.9
[INFO] [stderr]     Checking andrew v0.2.1
[INFO] [stderr]     Checking rayon-core v1.7.0
[INFO] [stderr]     Checking rayon v1.3.0
[INFO] [stderr]    Compiling wayland-client v0.23.6
[INFO] [stderr]    Compiling wayland-protocols v0.23.6
[INFO] [stderr]     Checking wayland-commons v0.23.6
[INFO] [stderr]     Checking calloop v0.4.4
[INFO] [stderr]    Compiling serde_derive v1.0.104
[INFO] [stderr]     Checking jpeg-decoder v0.1.18
[INFO] [stderr]     Checking tiff v0.3.1
[INFO] [stderr]     Checking image v0.22.4
[INFO] [stderr]     Checking serde v1.0.104
[INFO] [stderr]     Checking smithay-client-toolkit v0.6.4
[INFO] [stderr]     Checking winit v0.20.0-alpha4
[INFO] [stderr]     Checking glutin v0.22.0-alpha6
[INFO] [stderr]     Checking fumarole v0.1.23 (/opt/rustwide/workdir)
[INFO] [stdout] error[E0463]: can't find crate for `gui`
[INFO] [stdout]  --> examples/pixel.rs:1:1
[INFO] [stdout]   |
[INFO] [stdout] 1 | extern crate gui;
[INFO] [stdout]   | ^^^^^^^^^^^^^^^^^ can't find crate
[INFO] [stdout] 
[INFO] [stdout] 
[INFO] [stdout] error: aborting due to previous error
[INFO] [stdout] 
[INFO] [stdout] 
[INFO] [stdout] For more information about this error, try `rustc --explain E0463`.
[INFO] [stdout] 
[INFO] [stderr] error: could not compile `fumarole`.
[INFO] [stderr] 
[INFO] [stderr] To learn more, run the command again with --verbose.
[INFO] [stderr] warning: build failed, waiting for other jobs to finish...
[INFO] [stdout] error[E0463]: can't find crate for `gui`
[INFO] [stdout]  --> tests/states.rs:1:1
[INFO] [stdout]   |
[INFO] [stdout] 1 | extern crate gui;
[INFO] [stdout]   | ^^^^^^^^^^^^^^^^^ can't find crate
[INFO] [stdout] 
[INFO] [stdout] 
[INFO] [stdout] error: aborting due to previous error
[INFO] [stdout] 
[INFO] [stdout] 
[INFO] [stdout] For more information about this error, try `rustc --explain E0463`.
[INFO] [stdout] 
[INFO] [stdout] error[E0463]: can't find crate for `gui`
[INFO] [stdout]  --> examples/text.rs:1:1
[INFO] [stdout]   |
[INFO] [stdout] 1 | extern crate gui;
[INFO] [stdout]   | ^^^^^^^^^^^^^^^^^ can't find crate
[INFO] [stdout] 
[INFO] [stdout] 
[INFO] [stdout] error: aborting due to previous error
[INFO] [stdout] 
[INFO] [stdout] 
[INFO] [stdout] For more information about this error, try `rustc --explain E0463`.
[INFO] [stdout] 
[INFO] [stdout] error[E0463]: can't find crate for `gui`
[INFO] [stdout]  --> examples/empty.rs:1:1
[INFO] [stdout]   |
[INFO] [stdout] 1 | extern crate gui;
[INFO] [stdout]   | ^^^^^^^^^^^^^^^^^ can't find crate
[INFO] [stdout] 
[INFO] [stdout] 
[INFO] [stdout] error: aborting due to previous error
[INFO] [stdout] 
[INFO] [stdout] 
[INFO] [stdout] For more information about this error, try `rustc --explain E0463`.
[INFO] [stdout] 
[INFO] [stdout] error[E0277]: the trait bound `PivotExample: Clone` is not satisfied
[INFO] [stdout]  --> examples/pivot.rs:9:6
[INFO] [stdout]   |
[INFO] [stdout] 9 | impl State for PivotExample { 
[INFO] [stdout]   |      ^^^^^ the trait `Clone` is not implemented for `PivotExample`
[INFO] [stdout]   | 
[INFO] [stdout]  ::: /opt/rustwide/workdir/src/state/state.rs:5:25
[INFO] [stdout]   |
[INFO] [stdout] 5 | pub trait State: Send + StateClone {
[INFO] [stdout]   |                         ---------- required by this bound in `fumarole::State`
[INFO] [stdout]   |
[INFO] [stdout]   = note: required because of the requirements on the impl of `StateClone` for `PivotExample`
[INFO] [stdout] 
[INFO] [stdout] 
[INFO] [stdout] error: aborting due to previous error
[INFO] [stdout] 
[INFO] [stdout] 
[INFO] [stdout] For more information about this error, try `rustc --explain E0277`.
[INFO] [stdout] 
[INFO] [stderr] error: build failed
[INFO] running `Command { std: "docker" "inspect" "7dc56b117eb8c11cfd0c58ce59f8aff6df62886dbcc6dae5225706ff6cd98ded", kill_on_drop: false }`
[INFO] running `Command { std: "docker" "rm" "-f" "7dc56b117eb8c11cfd0c58ce59f8aff6df62886dbcc6dae5225706ff6cd98ded", kill_on_drop: false }`
[INFO] [stdout] 7dc56b117eb8c11cfd0c58ce59f8aff6df62886dbcc6dae5225706ff6cd98ded
